u + 8. Suppose -5*z - 3*i + 40 = -z, 0 = 4*z - 5*i - 8. Suppose -3*j = 120 - 159. Calculate the remainder when v(z) is divided by j.
11
Let i(z) = 36*z + 80. What is the remainder when i(6) is divided by 11?
10
Suppose 0 = -3*u - 2*a + 65, -13*u + 17*u - 3*a = 64. What is the remainder when (70/(-4))/((-2)/4) is divided by u?
16
Let f(d) = -2*d - 32. Let m be f(-18). Suppose 0 = m*y - 13 - 111. What is the remainder when y is divided by 7?
3
Let m be (16/6)/(4 - (-30)/(-9)). Suppose 4 = c - m. What is the remainder when 45 is divided by c?
5
Let q = -233 - -133. Let a = q + 202. What is the remainder when a is divided by 26?
24
Suppose 0 = -6*u + 122 + 88. Calculate the remainder when 209 is divided by u.
34
Suppose 5*d = 4*s - 445 - 80, 0 = -3*s + 4*d + 395. Suppose 3*l - 47 = 49. Calculate the remainder when s is divided by l.
29
Let s = 115 - 20. What is the remainder when 186 is divided by s?
91
Suppose -3*m = -109 - 641. Calculate the remainder when m is divided by 14.
12
Suppose -5*n + 2*c = -564, -10*c + 9*c + 222 = 2*n. Let s = 40 - 11. Calculate the remainder when n is divided by s.
25
Let q = -5 + 8. Suppose 0 = -2*h - q*s + 255, 5*h - 255 = s + 391. Let f = h + -91. Calculate the remainder when f is divided by 13.
12
Let l(h) = -h - 3. Let g be l(-5). Let p(z) = z**g - 2 + 14 - 4*z**2 + 2*z**2. What is the remainder when 45 is divided by p(0)?
9
Let v be 3/(((-21)/60)/(-7)). Suppose v = -0*d + 2*d. Let a = 30 - 19. What is the remainder when d is divided by a?
8
Let s(b) = -b**3 - 9*b**2 - 12*b - 10. Let x(k) = -2*k**3 + 54*k**2 - 46*k - 49. Calculate the remainder when x(26) is divided by s(-8).
19
Let s(b) = -7*b**2 - 18 + 18 + b. Let k be s(3). Let j = -4 - k. What is the remainder when j is divided by 19?
18
Let o = 142 + -139. Calculate the remainder when ((35 - o) + -1)/(-2)*-14 is divided by 44.
41
Let m = -24 + 26. What is the remainder when 65 is divided by ((m - 2) + (-85)/5)*-1?
14
Let x(h) = h**3 - 16*h**2 + 48*h - 17. Calculate the remainder when 398 is divided by x(13).
98
Calculate the remainder when 288 is divided by ((-104)/(-32) - -1 - 5)*-64.
0
What is the remainder when 754 is divided by -2 + (-52)/(-8) + 30/20?
4
Let c = -197 - -228. Calculate the remainder when c is divided by 18.
13
Calculate the remainder when 379 is divided by 5 + -9 - (-256)/2.
7
Suppose -2*y = -8*y - 360. Calculate the remainder when 25 is divided by (-8)/(32/y) + (-4)/2.
12
Suppose 3*a - 4 = 5*i, i - 1 + 9 = 3*a. Suppose -4*t + 8 = 0, -a*r + 28 - 4 = -3*t. Calculate the remainder when 58 is divided by r.
8
Let p be (-126)/(-56)*(-1 + 550/6). Suppose b = t - 56, -20 = -4*t + 3*b + p. Calculate the remainder when t is divided by (-55)/(-3) - (-4)/6.
18
Suppose -3*t - 6 = -5*t. Suppose -s + 5*f = -30, -2*f + 6 + t = s. Calculate the remainder when 52 is divided by s.
7
Let o(u) = -4*u**3 + u**2 + u. Let q(l) = 3*l**2 - 4*l + 5. What is the remainder when q(2) is divided by o(-1)?
1
Suppose 3*a = -11 - 1. What is the remainder when 0/(-3) - -2 - a is divided by 6?
0
Suppose 33*k = 2*k + 1643. What is the remainder when 476 is divided by k?
52
Let k = 201 - 121. What is the remainder when k is divided by 7?
3
Suppose 17 = 44*h - 5395. What is the remainder when 3073 is divided by h?
121
Suppose 0 = -5*t + 8 + 7. What is the remainder when 26 is divided by t - (1 + ((-12)/1 - 1))?
11
Let f = -193 - -208. What is the remainder when 221 is divided by f?
11
Let n = 729 - 458. What is the remainder when n is divided by 71?
58
Suppose 0 = -k - k + 4. Suppose 15 = -4*r - 5*s + 68, 5*s - k = -r. What is the remainder when r is divided by 9?
8
Let a(q) = 6*q + 1. Let c be ((-26)/(-5))/2 + 4/10. Suppose 0 = -3*j + k + 9, 10*k - 5*k + c = j. Calculate the remainder when a(1) is divided by j.
1
Let r = 2702 + -921. Calculate the remainder when r is divided by 51.
47
Suppose v + 3*s = -0*v + 132, -4*v + 543 = -3*s. What is the remainder when v is divided by 34?
33
Let y = 254 - 176. What is the remainder when y is divided by 55?
23
Let n be -1 + (0 - 0) + 0. Let u(c) = -6*c - 38. Let v be u(-7). What is the remainder when 57 is divided by (-38)/v*-2 - n?
17
Suppose a + 49 = 2*k, -3*a - 6*k - 197 = -2*k. Let q = -44 - a. What is the remainder when 29 is divided by q?
14
Let f(t) = 18*t**2 - 2*t. Let c be 3 + -4 + 0 + 2. What is the remainder when 47 is divided by f(c)?
15
What is the remainder when 88 is divided by (-343)/(-23) + (-8)/(-92)?
13
Let k(h) = -10*h - 76. Let g(x) = x**3 + 0 + 8*x**2 + 0 + 3*x. What is the remainder when g(-6) is divided by k(-9)?
12
Calculate the remainder when 796/(-9*(-3)/27) is divided by 20.
16
Let g(s) = -s - 5. Let z be (-1)/(-4) - 74/8. Let p be g(z). Suppose p*w = -5*c - 10, 5*c + 0*w = 2*w + 20. What is the remainder when 5 is divided by c?
1
Suppose -2*u - 3*h + 6*h + 466 = 0, u = h + 231. Suppose -u - 88 = -15*q. What is the remainder when 80 is divided by q?
17
Suppose -48*n + 11273 + 3799 = 0. What is the remainder when n is divided by 105?
104
Suppose 1 + 20 = 7*b. Suppose -2*y - 2*d + 240 = 2*y, -171 = -3*y + b*d. What is the remainder when y is divided by 31?
28
Let p(t) = -12*t + 170. Calculate the remainder when p(5) is divided by 39.
32
Suppose 3*y = 5*p - 7, -2*p + 12 = -5*y - 6. Calculate the remainder when -2*p/2 - (-71 + -3) is divided by 26.
23
Suppose 2*a - 105 + 25 = 0. Suppose 0 = -2*u - 519 + 547. What is the remainder when a is divided by u?
12
Let i be (-4 - 1)*33/(-55). Let j be 0 - (6*-1)/i. Calculate the remainder when j - ((-3 - 54) + 2) is divided by 15.
12
Suppose -10 = -2*w - 3*w. Let y = 7 - w. Suppose -y*h + d = -2*d - 170, h + d - 34 = 0. Calculate the remainder when h is divided by 9.
7
Suppose b = 2*t - 9, -2*t - 5*b - 1 + 4 = 0. Let q be t/((-63)/(-30) + -2). Suppose 3*j = -j + q. Calculate the remainder when 28 is divided by j.
8
Calculate the remainder when (58/6)/((435/(-45))/(-29)) is divided by ((-24)/(-9))/((-1)/(-6)).
13
Let c(d) = d**2 + 11*d + 12. Let f be c(-10). Suppose 4*s + 18 = 4*t + 106, -3*t = -f*s + 45. What is the remainder when 60 is divided by s?
18
Let o = 117 + 32. What is the remainder when o is divided by 25?
24
Let g = 419 - 195. Let q = g - 101. Calculate the remainder when q/5 - (-9)/(-15) is divided by 13.
11
Suppose 0 = z - 7 - 4. Let p be (240/(-14))/(3/21). What is the remainder when (p/(-28))/(2/14) is divided by z?
8
Let f = 10 + 25. What is the remainder when f is divided by 24?
11
Let t(f) = -f**3 - 54*f**2 - 102*f + 144. Let k = -122 + 199. What is the remainder when k is divided by t(-52)?
37
Suppose -10*d + 280 = -2*d. Suppose -2*y + d = 5*l - 0*y, 0 = -4*y - 20. What is the remainder when 29 is divided by l?
2
Suppose 3*n + 6 = -12. Let j = n + 12. Calculate the remainder when 1436/68 - (-20)/(-170) is divided by j.
3
Let t(p) = p**3 + 10*p**2 + 13*p - 106. Calculate the remainder when t(7) is divided by 13.
12
Let y = 266 - 223. What is the remainder when 515 is divided by y?
42
Let d be 161/49 + 2 + 4/(-14). Let k = d + 14. What is the remainder when k is divided by 4?
3
Let g(k) = -7*k - 95. Let q be g(-28). Let m = -63 + q. What is the remainder when 111 is divided by m?
35
Suppose 22*w + 60325 = 117*w. What is the remainder when w is divided by 58?
55
Suppose 24 = -0*w - 2*w + 3*p, 0 = 3*p - 12. Let f(i) = i**3 + 7*i**2 + 4*i + 1. What is the remainder when f(w) is divided by 6?
1
Suppose -2*x - i + 51 = -0*i, 5*x = -3*i + 126. Let v(q) = 28*q**2 - 48*q - 5. What is the remainder when x is divided by v(2)?
5
Let t = 357 + -317. Calculate the remainder when t is divided by 21.
19
Let p(u) = -u**3 + 6*u**2 + 8*u - 4. Let s = 64 + -57. Let n(b) = -6*b - 1. What is the remainder when n(-3) is divided by p(s)?
2
Suppose 12*p - 137 - 19 = 0. Calculate the remainder when 36 is divided by p.
10
Let h(x) = x**3 - 6*x**2 + 6*x + 23. What is the remainder when h(7) is divided by 58?
56
Let c(b) = 4*b**2 - 12*b + 54. What is the remainder when c(7) is divided by 29?
21
Suppose -7*w = 20*w - 1836. What is the remainder when w is divided by 15?
8
Suppose 0 = 3*t - 2*t - 10. Suppose -g + 0*g = -p - 22, 0 = -3*g - 3. Let s = -5 - p. Calculate the remainder when s is divided by t.
8
Let f(x) = -x - 22*x**3 - 39*x**3 - x**3. Let d be f(1). Calculate the r